pose 0 = 3*o - s - 3. Suppose 0 = 3*m + z - 52, -o*m + 0*m - 3*z + 23 = 0. What is the tens digit of m?
1
Suppose -3 = 3*j - 9. Let g(v) = v**2 + 2*v - 5. Let m be g(j). What is the units digit of m + 192/(4/1)?
1
Let q(g) be the second derivative of -2*g**3 - 2*g + 17*g**2 - 17*g**2. What is the tens digit of q(-3)?
3
Let b(d) be the second derivative of 0*d**2 + 1/6*d**4 + 0 - 3*d + 2/3*d**3. What is the tens digit of b(3)?
3
Let i(c) = 2*c**2 + 31*c + 22. What is the tens digit of i(29)?
0
Suppose 0 = 2*h + 2 - 8. Let u be -1 - h - (-7)/1. Suppose -2*z = u*z - 285. What is the tens digit of z?
5
Let f = -70 + 71. Let p(y) = 171*y**3 + 3*y - 4. What is the units digit of p(f)?
0
Suppose 3*t + 5 = r, 0*r - 5 = -t - 3*r. Let s(k) = -143*k - 3. What is the tens digit of s(t)?
4
Suppose 23*m - 30*m + 8722 = 0. What is the thousands digit of m?
1
Let v be (-8)/3*(-18)/12. Suppose -2*i + 2 = -v*f, 3*i + 13 = 7*i + f. Suppose 14 = 2*n + n + l, i*l - 6 = 0. What is the units digit of n?
4
Let i be 112/42 + (-1)/(-3). Suppose -115 = i*p - 8*p. What is the tens digit of p?
2
Let k(j) be the first derivative of -j**3/3 + 6*j**2 - 9*j - 6. Suppose -v + 16 = 2*z, -8 = -z + 5*v + 11. What is the units digit of k(z)?
8
Let h(a) = a**2 + 2. Let g be h(-5). Suppose -g = -21*s + 18*s. What is the units digit of ((-16)/5)/(s/(-45))?
6
Suppose z + 0*z - 159 = 0. Let d = 119 + z. What is the tens digit of d?
7
Suppose 0 = -18*a + 24177 + 23217. What is the thousands digit of a?
2
Let b = -17 + 17. Suppose b = -j + 3*k + 9, 4*j + 0*j - 3*k - 27 = 0. Let f(v) = -v**3 + 8*v**2 - 3*v - 6. What is the units digit of f(j)?
8
Let h(d) = -d**2 + 17*d - 7. Let u be 48/(-10)*(-5)/2. What is the units digit of h(u)?
3
What is the units digit of 769456/168 - -4 - (-4)/(-42)?
4
Let m(x) = x**3 - 8*x**2 + 12*x - 5. Let n be m(5). Let r = n - -46. Let o = 53 - r. What is the tens digit of o?
2
Suppose 0 = 2*k + 2*i - 542, -3*k + 6*k - 809 = -5*i. What is the tens digit of k?
7
Suppose 9*s = 7*s + 8. What is the tens digit of (s/1)/(4/64)?
6
Let y = 9902 + -6311. What is the tens digit of y?
9
Let d be (2*-1)/(3/(-3)). Suppose d*a + 3*m - 41 = 18, -a + 37 = -m. Suppose 0 = -5*s, -y - 5*s = -2*y + a. What is the units digit of y?
4
Let x(b) = -b**2 - 5*b + 4. Suppose -2*s + y = -5*s + 8, 3*y = 3*s + 12. Let a be -5*(3/3)/s. What is the units digit of x(a)?
4
Suppose 3*g + g - 16 = 0. Suppose -12 = -4*t + g. Suppose 0 = -5*m + 4*f + 293, 0 = -t*m - f - 0*f + 226. What is the units digit of m?
7
What is the units digit of 2362/6 - 10/(-30)?
4
Suppose -2*b = 19 - 23. Suppose 2*s + 2*d - b = 0, 3*s - 4*d = d + 19. Suppose s*m = -4*w + 158 - 25, -2*w + 47 = m. What is the tens digit of m?
3
Suppose 24 = -0*k - k. Let w = k - -22. What is the units digit of 0 - 5*(-7 - w)?
5
Suppose 194*j = 190*j + 3880. What is the tens digit of j?
7
Let z(t) = -491*t + 126. What is the thousands digit of z(-2)?
1
Suppose k - 6 = -3*y, -y = -0*y - k - 2. Let l be 18/(y/(-2)*-2). Let i = l - -8. What is the units digit of i?
7
Let k(s) be the third derivative of s**7/420 - s**6/360 - 5*s**3/6 + s**2. Let f(r) be the first derivative of k(r). What is the units digit of f(1)?
1
Let j(g) = 2*g**3 - 84*g**2 + 102*g - 52. What is the tens digit of j(41)?
6
Let c(d) = d**2 - 6*d - 2. Suppose 3*w - 3*l = 33, -9*w = -5*w + 5*l - 35. What is the tens digit of c(w)?
3
Suppose -2*a - 14 = 2*k - 0*k, 4*k = 2*a - 4. Let p(g) = 3*g**2 + g - 6. Let u be p(a). Suppose 2*v = -h + 51, 2*v = h - u - 9. What is the units digit of h?
9
Let s(a) = 10*a**2 + 18*a - 204. What is the tens digit of s(9)?
6
Let f = -114 - -123. Suppose 2*k + 9 = -5*o, -5*o + o + 39 = -5*k. Let i = f + k. What is the units digit of i?
2
Let x = -537 - -5279. What is the thousands digit of x?
4
Suppose 5*k - 2*a - 6749 = 0, -2*k + 4*a - 4039 = -5*k. What is the hundreds digit of k?
3
Let d be 8 - (-1)/(4/(-16)). Suppose 0*g + x = -5*g + 19, -d*g = -5*x + 8. Suppose 38 = z + g*c, 5*c - 2*c + 197 = 4*z. What is the tens digit of z?
4
Suppose 4*i - 235 = 2*b - 1127, -3*b + 1353 = -3*i. What is the hundreds digit of b?
4
Suppose 0 = 5*o - o - 548. Suppose -v - v + 46 = 4*r, 0 = -5*v + r + o. What is the units digit of v?
7
Let w be (-154)/21*3/(-2). Let o be (-12)/4 + (0 - w). Let h = 19 + o. What is the units digit of h?
5
Suppose 44*v = -62*v + 539752. What is the tens digit of v?
9
Let j = -25 - -28. Suppose 0 = j*u - 18. Suppose 180 = -2*n + u*n. What is the tens digit of n?
4
Suppose -1 + 13 = -3*b. Let n = b + 45. What is the tens digit of n?
4
Let t = 88 + 40. Suppose -3*m + 125 = -2*m - 4*u, t = m - 5*u. What is the hundreds digit of m?
1
Let l(h) = 5*h**2. Let a be l(0). Suppose a = 7*v - 2*v - 705. What is the units digit of v?
1
Let x = 1958 + -1904. What is the units digit of x?
4
Suppose 13*d + 0*d - 26 = 0. What is the tens digit of (23 - -2)*(12 - d)?
5
Let f = 14 - 6. Suppose -4*y + 3*q = -27, -5*q = -7 - f. Suppose 15 + y = 4*o. What is the units digit of o?
6
Let i(q) = -3*q**2 + 10*q + 19. Let t be i(-7). Let d = -120 - t. What is the tens digit of d?
7
Let k(d) = d**3 - 3*d**2 + 4*d - 12. What is the tens digit of k(4)?
2
Let a be ((-3 - -2) + 36)/(12/(-120)). Let g = 492 + a. What is the tens digit of g?
4
Suppose -2*v - 2*v + 244 = 0. Let y = v + -33. Let n = y + -8. What is the tens digit of n?
2
Suppose -3*c + 6080 = 5*j, 84*c = 88*c - 3*j - 8068. What is the thousands digit of c?
2
Suppose 23*r = 4*r + 5206. What is the tens digit of r?
7
Let f = -16 + 20. Suppose 0 = -2*g + 6, t - g - 672 = -f*t. What is the hundreds digit of t?
1
Let i(x) = -337*x + 230. What is the units digit of i(-12)?
4
Let j(i) = i**2 - 8*i + 15. Let v be j(6). Suppose -v*g + 497 - 101 = 0. What is the hundreds digit of g?
1
Let d(a) = -a**2 + 21*a - 20. Let y be d(20). Suppose h = -y*h + 22. What is the tens digit of h?
2
Let d(y) = 48*y + 3. What is the units digit of d(17)?
9
Let f(r) = -8*r**2 + 3*r + 5. Suppose -2*u - 12 = 4*w, -w = 4*w - 3*u + 15. Let p be f(w). What is the tens digit of 3 + (-3 - 0) - p?
7
Let s(a) = a**3 - 9*a**2 + 9*a + 21. Let p be s(10). Suppose -f + p = -7*l + 2*l, -659 = -3*f + 2*l. What is the units digit of f?
1
Let f be 1/2 + 18/12. Suppose -4*b + 3*u = -38, b = f*u + 2*u + 16. What is the units digit of b?
8
Let o = -41 - -33. Let g = 25 + o. What is the units digit of g?
7
Let o(p) = p**3 - 7*p**2 - 9*p + 13. Let w be o(7). Let n = 84 + w. What is the tens digit of n?
3
Let h = -150 + 620. Suppose 2*c - h = -2*v + c, 3*c - 225 = -v. What is the hundreds digit of v?
2
Let z(x) = -2*x**3 - 7*x**2 + 5*x - 75. What is the tens digit of z(-9)?
7
Let c(f) = -f**2 - 15*f - 10. Let o(p) = -p - 6 - 1 + 3 - p**2. Let q be o(-2). What is the tens digit of c(q)?
4
Let n = 1 - 8. Let f = n + 34. What is the tens digit of f?
2
Let q(a) = 58*a**2 - 46*a + 367. What is the tens digit of q(7)?
8
Let h(d) = -3*d**2 + 40*d - 11. Let w be h(13). Suppose 3*r = f - 62 - 33, -w*f - 2*r = -190. What is the units digit of f?
5
Suppose -2723 = -4*o - 763. What is the units digit of (-7)/(-21) - o/(-6)?
2
Suppose 4*d + 5390 = 5*b, b = 22*d - 24*d + 1078. What is the hundreds digit of b?
0
Suppose 35*m - 7778 = -4*s + 36*m, s - 5*m - 1935 = 0. What is the thousands digit of s?
1
Suppose -o - 43 = -3*o + 5*d, o - 5*d = 34. Let q(l) = l**3 + 5*l**2 - 3*l - 4. Let v be q(-5). Let t = v + o. What is the tens digit of t?
2
What is the units digit of (-4)/(-10) + 128219/65 + -1?
2
Suppose 0 = -t - k + 6, -t = -3*k - k + 14. What is the units digit of 5797/34 + 5/t?
3
Let y be 657/(-2)*10/(-15). Let p = y - 3. What is the hundreds digit of p?
2
Let k = 92 - 97. Let a(w) = -w**3 + 3*w**2 + 7*w + 17. What is the units digit of a(k)?
2
What is the hundreds digit of 11799/95 - ((-18)/10 - -2)?
1
Let d = -135 - -20. Let r = d + 209. What is the tens digit of r?
9
Let x(z) = -z - 9. Let g = -13 + 11. Let o(d) = 2*d + 10. Let n(v) = g*x(v) - 3*o(v). What is the tens digit of n(-9)?
2
Let i(p) = -2*p**3 - 3*p**2 - 3*p. Let x be i(-2). Suppose x*g - 338 = -78. What is the units digit of g?
6
Suppose -4*n = -7 - 13. Suppose 0 = -n*z + 4*z + 29. Let a = -23 + z. What is the units digit of a?
6
Let m(q) = 32*q - 2. Let v be m(17). Suppose -4*o - w + v = 0, -4